{"id":79,"date":"2018-04-22T18:52:30","date_gmt":"2018-04-22T17:52:30","guid":{"rendered":"http:\/\/sundbergsekor.com\/?page_id=79"},"modified":"2018-04-22T18:52:30","modified_gmt":"2018-04-22T17:52:30","slug":"kontakt","status":"publish","type":"page","link":"http:\/\/sundbergsekor.com\/?page_id=79","title":{"rendered":"Kontakt"},"content":{"rendered":"<p>F\u00f6r fr\u00e5gor, best\u00e4llning m.m. kontakta Klas Sundberg p\u00e5 telefon\u00a0070-3732321<\/p>\n<p>V\u00e4lkommen!<\/p>\n","protected":false},"excerpt":{"rendered":"<p>F\u00f6r fr\u00e5gor, best\u00e4llning m.m. kontakta Klas Sundberg p\u00e5 telefon\u00a0070-3732321 V\u00e4lkommen!<\/p>\n","protected":false},"author":1,"featured_media":0,"parent":0,"menu_order":0,"comment_status":"closed","ping_status":"closed","template":"","meta":{"footnotes":""},"class_list":["post-79","page","type-page","status-publish","hentry"],"_links":{"self":[{"href":"http:\/\/sundbergsekor.com\/index.php?rest_route=\/wp\/v2\/pages\/79"}],"collection":[{"href":"http:\/\/sundbergsekor.com\/index.php?rest_route=\/wp\/v2\/pages"}],"about":[{"href":"http:\/\/sundbergsekor.com\/index.php?rest_route=\/wp\/v2\/types\/page"}],"author":[{"embeddable":true,"href":"http:\/\/sundbergsekor.com\/index.php?rest_route=\/wp\/v2\/users\/1"}],"replies":[{"embeddable":true,"href":"http:\/\/sundbergsekor.com\/index.php?rest_route=%2Fwp%2Fv2%2Fcomments&post=79"}],"version-history":[{"count":1,"href":"http:\/\/sundbergsekor.com\/index.php?rest_route=\/wp\/v2\/pages\/79\/revisions"}],"predecessor-version":[{"id":81,"href":"http:\/\/sundbergsekor.com\/index.php?rest_route=\/wp\/v2\/pages\/79\/revisions\/81"}],"wp:attachment":[{"href":"http:\/\/sundbergsekor.com\/index.php?rest_route=%2Fwp%2Fv2%2Fmedia&parent=79"}],"curies":[{"name":"wp","href":"https:\/\/api.w.org\/{rel}","templated":true}]}}