{"id":105,"date":"2019-02-24T09:45:39","date_gmt":"2019-02-24T08:45:39","guid":{"rendered":"http:\/\/sundbergsekor.com\/?page_id=105"},"modified":"2019-02-24T09:45:39","modified_gmt":"2019-02-24T08:45:39","slug":"eka-nr-100","status":"publish","type":"page","link":"http:\/\/sundbergsekor.com\/?page_id=105","title":{"rendered":"Eka nr. 100"},"content":{"rendered":"<p>Ja, d\u00e5 \u00e4r den 100:e H\u00e4lleforsekan byggd!<\/p>\n<div id=\"attachment_103\" style=\"width: 594px\" class=\"wp-caption alignnone\"><a href=\"http:\/\/sundbergsekor.com\/wp-content\/uploads\/2019\/02\/100_startad.jpg\"><img loading=\"lazy\" decoding=\"async\" aria-describedby=\"caption-attachment-103\" class=\"wp-image-103 size-large\" src=\"http:\/\/sundbergsekor.com\/wp-content\/uploads\/2019\/02\/100_startad-1024x576.jpg\" alt=\"\" width=\"584\" height=\"329\" srcset=\"http:\/\/sundbergsekor.com\/wp-content\/uploads\/2019\/02\/100_startad-1024x576.jpg 1024w, http:\/\/sundbergsekor.com\/wp-content\/uploads\/2019\/02\/100_startad-300x169.jpg 300w, http:\/\/sundbergsekor.com\/wp-content\/uploads\/2019\/02\/100_startad-768x432.jpg 768w, http:\/\/sundbergsekor.com\/wp-content\/uploads\/2019\/02\/100_startad-500x281.jpg 500w, http:\/\/sundbergsekor.com\/wp-content\/uploads\/2019\/02\/100_startad.jpg 1280w\" sizes=\"(max-width: 584px) 100vw, 584px\" \/><\/a><p id=\"caption-attachment-103\" class=\"wp-caption-text\">Eka nr. 100 p\u00e5b\u00f6rjad!<\/p><\/div>\n<div id=\"attachment_102\" style=\"width: 594px\" class=\"wp-caption alignnone\"><a href=\"http:\/\/sundbergsekor.com\/wp-content\/uploads\/2019\/02\/100_forsta_bord.jpg\"><img loading=\"lazy\" decoding=\"async\" aria-describedby=\"caption-attachment-102\" class=\"wp-image-102 size-large\" src=\"http:\/\/sundbergsekor.com\/wp-content\/uploads\/2019\/02\/100_forsta_bord-1024x576.jpg\" alt=\"\" width=\"584\" height=\"329\" srcset=\"http:\/\/sundbergsekor.com\/wp-content\/uploads\/2019\/02\/100_forsta_bord-1024x576.jpg 1024w, http:\/\/sundbergsekor.com\/wp-content\/uploads\/2019\/02\/100_forsta_bord-300x169.jpg 300w, http:\/\/sundbergsekor.com\/wp-content\/uploads\/2019\/02\/100_forsta_bord-768x432.jpg 768w, http:\/\/sundbergsekor.com\/wp-content\/uploads\/2019\/02\/100_forsta_bord-500x281.jpg 500w, http:\/\/sundbergsekor.com\/wp-content\/uploads\/2019\/02\/100_forsta_bord.jpg 1280w\" sizes=\"(max-width: 584px) 100vw, 584px\" \/><\/a><p id=\"caption-attachment-102\" class=\"wp-caption-text\">F\u00f6rsta bord<\/p><\/div>\n<div id=\"attachment_100\" style=\"width: 594px\" class=\"wp-caption alignnone\"><a href=\"http:\/\/sundbergsekor.com\/wp-content\/uploads\/2019\/02\/100_andra_bord.jpg\"><img loading=\"lazy\" decoding=\"async\" aria-describedby=\"caption-attachment-100\" class=\"wp-image-100 size-large\" src=\"http:\/\/sundbergsekor.com\/wp-content\/uploads\/2019\/02\/100_andra_bord-1024x576.jpg\" alt=\"\" width=\"584\" height=\"329\" srcset=\"http:\/\/sundbergsekor.com\/wp-content\/uploads\/2019\/02\/100_andra_bord-1024x576.jpg 1024w, http:\/\/sundbergsekor.com\/wp-content\/uploads\/2019\/02\/100_andra_bord-300x169.jpg 300w, http:\/\/sundbergsekor.com\/wp-content\/uploads\/2019\/02\/100_andra_bord-768x432.jpg 768w, http:\/\/sundbergsekor.com\/wp-content\/uploads\/2019\/02\/100_andra_bord-500x281.jpg 500w, http:\/\/sundbergsekor.com\/wp-content\/uploads\/2019\/02\/100_andra_bord.jpg 1280w\" sizes=\"(max-width: 584px) 100vw, 584px\" \/><\/a><p id=\"caption-attachment-100\" class=\"wp-caption-text\">Andra bord<\/p><\/div>\n<div id=\"attachment_104\" style=\"width: 594px\" class=\"wp-caption alignnone\"><a href=\"http:\/\/sundbergsekor.com\/wp-content\/uploads\/2019\/02\/100_tredje_bord.jpg\"><img loading=\"lazy\" decoding=\"async\" aria-describedby=\"caption-attachment-104\" class=\"wp-image-104 size-large\" src=\"http:\/\/sundbergsekor.com\/wp-content\/uploads\/2019\/02\/100_tredje_bord-1024x576.jpg\" alt=\"\" width=\"584\" height=\"329\" srcset=\"http:\/\/sundbergsekor.com\/wp-content\/uploads\/2019\/02\/100_tredje_bord-1024x576.jpg 1024w, http:\/\/sundbergsekor.com\/wp-content\/uploads\/2019\/02\/100_tredje_bord-300x169.jpg 300w, http:\/\/sundbergsekor.com\/wp-content\/uploads\/2019\/02\/100_tredje_bord-768x432.jpg 768w, http:\/\/sundbergsekor.com\/wp-content\/uploads\/2019\/02\/100_tredje_bord-500x281.jpg 500w, http:\/\/sundbergsekor.com\/wp-content\/uploads\/2019\/02\/100_tredje_bord.jpg 1280w\" sizes=\"(max-width: 584px) 100vw, 584px\" \/><\/a><p id=\"caption-attachment-104\" class=\"wp-caption-text\">Tredje bord<\/p><\/div>\n<div id=\"attachment_101\" style=\"width: 594px\" class=\"wp-caption alignnone\"><a href=\"http:\/\/sundbergsekor.com\/wp-content\/uploads\/2019\/02\/100_fardig.jpg\"><img loading=\"lazy\" decoding=\"async\" aria-describedby=\"caption-attachment-101\" class=\"wp-image-101 size-large\" src=\"http:\/\/sundbergsekor.com\/wp-content\/uploads\/2019\/02\/100_fardig-1024x576.jpg\" alt=\"\" width=\"584\" height=\"329\" srcset=\"http:\/\/sundbergsekor.com\/wp-content\/uploads\/2019\/02\/100_fardig-1024x576.jpg 1024w, http:\/\/sundbergsekor.com\/wp-content\/uploads\/2019\/02\/100_fardig-300x169.jpg 300w, http:\/\/sundbergsekor.com\/wp-content\/uploads\/2019\/02\/100_fardig-768x432.jpg 768w, http:\/\/sundbergsekor.com\/wp-content\/uploads\/2019\/02\/100_fardig-500x281.jpg 500w, http:\/\/sundbergsekor.com\/wp-content\/uploads\/2019\/02\/100_fardig.jpg 1280w\" sizes=\"(max-width: 584px) 100vw, 584px\" \/><\/a><p id=\"caption-attachment-101\" class=\"wp-caption-text\">F\u00e4rdig!!! H\u00e4llefors Ekan nr. 100!<\/p><\/div>\n","protected":false},"excerpt":{"rendered":"<p>Ja, d\u00e5 \u00e4r den 100:e H\u00e4lleforsekan byggd!<\/p>\n","protected":false},"author":1,"featured_media":0,"parent":0,"menu_order":0,"comment_status":"closed","ping_status":"closed","template":"","meta":{"footnotes":""},"class_list":["post-105","page","type-page","status-publish","hentry"],"_links":{"self":[{"href":"http:\/\/sundbergsekor.com\/index.php?rest_route=\/wp\/v2\/pages\/105"}],"collection":[{"href":"http:\/\/sundbergsekor.com\/index.php?rest_route=\/wp\/v2\/pages"}],"about":[{"href":"http:\/\/sundbergsekor.com\/index.php?rest_route=\/wp\/v2\/types\/page"}],"author":[{"embeddable":true,"href":"http:\/\/sundbergsekor.com\/index.php?rest_route=\/wp\/v2\/users\/1"}],"replies":[{"embeddable":true,"href":"http:\/\/sundbergsekor.com\/index.php?rest_route=%2Fwp%2Fv2%2Fcomments&post=105"}],"version-history":[{"count":1,"href":"http:\/\/sundbergsekor.com\/index.php?rest_route=\/wp\/v2\/pages\/105\/revisions"}],"predecessor-version":[{"id":107,"href":"http:\/\/sundbergsekor.com\/index.php?rest_route=\/wp\/v2\/pages\/105\/revisions\/107"}],"wp:attachment":[{"href":"http:\/\/sundbergsekor.com\/index.php?rest_route=%2Fwp%2Fv2%2Fmedia&parent=105"}],"curies":[{"name":"wp","href":"https:\/\/api.w.org\/{rel}","templated":true}]}}